Aug  9 20:52:59 truenas dhclient[5525]: DHCPDISCOVER on eno1 to 255.255.255.255 port 67 interval 14
Aug  9 20:53:13 truenas dhclient[5525]: No DHCPOFFERS received.
Aug  9 20:53:13 truenas dhclient[5525]: No working leases in persistent database - sleeping.
Aug  9 20:55:46 truenas dhclient[5549]: DHCPREQUEST for 169.254.95.120 on enx0a94ef717d35 to 169.254.95.118 port 67
Aug  9 20:55:46 truenas dhclient[5549]: DHCPACK of 169.254.95.120 from 169.254.95.118
Aug  9 20:55:46 truenas dhclient[5549]: bound to 169.254.95.120 -- renewal in 254 seconds.
Aug  9 20:55:47 truenas dhclient[5540]: DHCPDISCOVER on eno2 to 255.255.255.255 port 67 interval 8
Aug  9 20:55:55 truenas dhclient[5540]: DHCPDISCOVER on eno2 to 255.255.255.255 port 67 interval 15
Aug  9 20:56:10 truenas dhclient[5540]: DHCPDISCOVER on eno2 to 255.255.255.255 port 67 interval 15
Aug  9 20:56:25 truenas dhclient[5540]: DHCPDISCOVER on eno2 to 255.255.255.255 port 67 interval 7
Aug  9 20:56:32 truenas dhclient[5540]: DHCPDISCOVER on eno2 to 255.255.255.255 port 67 interval 10
Aug  9 20:56:42 truenas dhclient[5540]: DHCPDISCOVER on eno2 to 255.255.255.255 port 67 interval 6
Aug  9 20:56:48 truenas dhclient[5540]: No DHCPOFFERS received.
Aug  9 20:56:48 truenas dhclient[5540]: No working leases in persistent database - sleeping.
Aug  9 20:59:52 truenas dhclient[5525]: DHCPDISCOVER on eno1 to 255.255.255.255 port 67 interval 4
Aug  9 20:59:56 truenas dhclient[5525]: DHCPDISCOVER on eno1 to 255.255.255.255 port 67 interval 4
Aug  9 21:00:00 truenas dhclient[5549]: DHCPREQUEST for 169.254.95.120 on enx0a94ef717d35 to 169.254.95.118 port 67
Aug  9 21:00:00 truenas dhclient[5549]: DHCPACK of 169.254.95.120 from 169.254.95.118
Aug  9 21:00:00 truenas dhclient[5549]: bound to 169.254.95.120 -- renewal in 301 seconds.
Aug  9 21:00:00 truenas dhclient[5525]: DHCPDISCOVER on eno1 to 255.255.255.255 port 67 interval 6
Aug  9 21:00:04 truenas systemd[1]: Starting sysstat-collect.service - system activity accounting tool...
Aug  9 21:00:04 truenas systemd[1]: Starting systemd-tmpfiles-clean.service - Cleanup of Temporary Directories...
Aug  9 21:00:04 truenas systemd[1]: sysstat-collect.service: Deactivated successfully.
Aug  9 21:00:04 truenas systemd[1]: Finished sysstat-collect.service - system activity accounting tool.
Aug  9 21:00:04 truenas systemd[1]: systemd-tmpfiles-clean.service: Deactivated successfully.
Aug  9 21:00:04 truenas systemd[1]: Finished systemd-tmpfiles-clean.service - Cleanup of Temporary Directories.
Aug  9 21:00:04 truenas systemd[1]: run-credentials-systemd\x2dtmpfiles\x2dclean.service.mount: Deactivated successfully.
Aug  9 21:00:06 truenas dhclient[5525]: DHCPDISCOVER on eno1 to 255.255.255.255 port 67 interval 13
Aug  9 21:00:19 truenas dhclient[5525]: DHCPDISCOVER on eno1 to 255.255.255.255 port 67 interval 20
Aug  9 21:00:39 truenas dhclient[5525]: DHCPDISCOVER on eno1 to 255.255.255.255 port 67 interval 10
Aug  9 21:00:49 truenas dhclient[5525]: DHCPDISCOVER on eno1 to 255.255.255.255 port 67 interval 4
Aug  9 21:00:53 truenas dhclient[5525]: No DHCPOFFERS received.
Aug  9 21:00:53 truenas dhclient[5525]: No working leases in persistent database - sleeping.
Aug  9 21:03:40 truenas dhclient[5540]: DHCPDISCOVER on eno2 to 255.255.255.255 port 67 interval 4
Aug  9 21:03:44 truenas dhclient[5540]: DHCPDISCOVER on eno2 to 255.255.255.255 port 67 interval 6
Aug  9 21:03:50 truenas dhclient[5540]: DHCPDISCOVER on eno2 to 255.255.255.255 port 67 interval 7
Aug  9 21:03:57 truenas dhclient[5540]: DHCPDISCOVER on eno2 to 255.255.255.255 port 67 interval 18
Aug  9 21:04:15 truenas dhclient[5540]: DHCPDISCOVER on eno2 to 255.255.255.255 port 67 interval 7
Aug  9 21:04:22 truenas dhclient[5540]: DHCPDISCOVER on eno2 to 255.255.255.255 port 67 interval 11
Aug  9 21:04:33 truenas dhclient[5540]: DHCPDISCOVER on eno2 to 255.255.255.255 port 67 interval 8
Aug  9 21:04:41 truenas dhclient[5540]: No DHCPOFFERS received.
Aug  9 21:04:41 truenas dhclient[5540]: No working leases in persistent database - sleeping.
Aug  9 21:05:01 truenas dhclient[5549]: DHCPREQUEST for 169.254.95.120 on enx0a94ef717d35 to 169.254.95.118 port 67
Aug  9 21:05:01 truenas dhclient[5549]: DHCPACK of 169.254.95.120 from 169.254.95.118
Aug  9 21:05:01 truenas dhclient[5549]: bound to 169.254.95.120 -- renewal in 243 seconds.
Aug  9 21:06:03 truenas dhclient[5525]: DHCPDISCOVER on eno1 to 255.255.255.255 port 67 interval 6
Aug  9 21:06:09 truenas dhclient[5525]: DHCPDISCOVER on eno1 to 255.255.255.255 port 67 interval 11
Aug  9 21:06:20 truenas dhclient[5525]: DHCPDISCOVER on eno1 to 255.255.255.255 port 67 interval 8
Aug  9 21:06:28 truenas dhclient[5525]: DHCPDISCOVER on eno1 to 255.255.255.255 port 67 interval 9
Aug  9 21:06:37 truenas dhclient[5525]: DHCPDISCOVER on eno1 to 255.255.255.255 port 67 interval 7
Aug  9 21:06:44 truenas dhclient[5525]: DHCPDISCOVER on eno1 to 255.255.255.255 port 67 interval 10
Aug  9 21:06:54 truenas dhclient[5525]: DHCPDISCOVER on eno1 to 255.255.255.255 port 67 interval 9
Aug  9 21:07:03 truenas dhclient[5525]: DHCPDISCOVER on eno1 to 255.255.255.255 port 67 interval 1
Aug  9 21:07:04 truenas dhclient[5525]: No DHCPOFFERS received.
Aug  9 21:07:04 truenas dhclient[5525]: No working leases in persistent database - sleeping.
Aug  9 21:09:04 truenas dhclient[5549]: DHCPREQUEST for 169.254.95.120 on enx0a94ef717d35 to 169.254.95.118 port 67
Aug  9 21:09:04 truenas dhclient[5549]: DHCPACK of 169.254.95.120 from 169.254.95.118
Aug  9 21:09:04 truenas dhclient[5549]: bound to 169.254.95.120 -- renewal in 297 seconds.
Aug  9 21:10:04 truenas systemd[1]: Starting sysstat-collect.service - system activity accounting tool...
Aug  9 21:10:04 truenas systemd[1]: sysstat-collect.service: Deactivated successfully.
Aug  9 21:10:04 truenas systemd[1]: Finished sysstat-collect.service - system activity accounting tool.
Aug  9 21:11:34 truenas dhclient[5540]: DHCPDISCOVER on eno2 to 255.255.255.255 port 67 interval 5
Aug  9 21:11:39 truenas dhclient[5540]: DHCPDISCOVER on eno2 to 255.255.255.255 port 67 interval 9
Aug  9 21:11:48 truenas dhclient[5540]: DHCPDISCOVER on eno2 to 255.255.255.255 port 67 interval 12
Aug  9 21:12:00 truenas dhclient[5540]: DHCPDISCOVER on eno2 to 255.255.255.255 port 67 interval 19
Aug  9 21:12:19 truenas dhclient[5540]: DHCPDISCOVER on eno2 to 255.255.255.255 port 67 interval 14
Aug  9 21:12:33 truenas dhclient[5540]: DHCPDISCOVER on eno2 to 255.255.255.255 port 67 interval 2
Aug  9 21:12:33 truenas dhclient[5525]: DHCPDISCOVER on eno1 to 255.255.255.255 port 67 interval 5
Aug  9 21:12:35 truenas dhclient[5540]: No DHCPOFFERS received.
Aug  9 21:12:35 truenas dhclient[5540]: No working leases in persistent database - sleeping.
Aug  9 21:12:38 truenas dhclient[5525]: DHCPDISCOVER on eno1 to 255.255.255.255 port 67 interval 14
Aug  9 21:12:52 truenas dhclient[5525]: DHCPDISCOVER on eno1 to 255.255.255.255 port 67 interval 17
Aug  9 21:13:09 truenas dhclient[5525]: DHCPDISCOVER on eno1 to 255.255.255.255 port 67 interval 12
Aug  9 21:13:21 truenas dhclient[5525]: DHCPDISCOVER on eno1 to 255.255.255.255 port 67 interval 11
Aug  9 21:13:32 truenas dhclient[5525]: DHCPDISCOVER on eno1 to 255.255.255.255 port 67 interval 2
Aug  9 21:13:34 truenas dhclient[5525]: No DHCPOFFERS received.
Aug  9 21:13:34 truenas dhclient[5525]: No working leases in persistent database - sleeping.
Aug  9 21:14:01 truenas dhclient[5549]: DHCPREQUEST for 169.254.95.120 on enx0a94ef717d35 to 169.254.95.118 port 67
Aug  9 21:14:01 truenas dhclient[5549]: DHCPACK of 169.254.95.120 from 169.254.95.118
Aug  9 21:14:01 truenas dhclient[5549]: bound to 169.254.95.120 -- renewal in 229 seconds.
Aug  9 21:17:01 truenas CRON[20217]: (root) CMD (   cd / && run-parts --report /etc/cron.hourly)
Aug  9 21:17:50 truenas dhclient[5549]: DHCPREQUEST for 169.254.95.120 on enx0a94ef717d35 to 169.254.95.118 port 67
Aug  9 21:17:50 truenas dhclient[5549]: DHCPACK of 169.254.95.120 from 169.254.95.118
Aug  9 21:17:50 truenas dhclient[5549]: bound to 169.254.95.120 -- renewal in 301 seconds.
Aug  9 21:19:54 truenas dhclient[5540]: DHCPDISCOVER on eno2 to 255.255.255.255 port 67 interval 5
Aug  9 21:19:59 truenas dhclient[5540]: DHCPDISCOVER on eno2 to 255.255.255.255 port 67 interval 10
Aug  9 21:20:04 truenas systemd[1]: Starting sysstat-collect.service - system activity accounting tool...
Aug  9 21:20:04 truenas systemd[1]: sysstat-collect.service: Deactivated successfully.
Aug  9 21:20:04 truenas systemd[1]: Finished sysstat-collect.service - system activity accounting tool.
Aug  9 21:20:05 truenas dhclient[5525]: DHCPDISCOVER on eno1 to 255.255.255.255 port 67 interval 8
Aug  9 21:20:09 truenas dhclient[5540]: DHCPDISCOVER on eno2 to 255.255.255.255 port 67 interval 14
Aug  9 21:20:13 truenas dhclient[5525]: DHCPDISCOVER on eno1 to 255.255.255.255 port 67 interval 10
Aug  9 21:20:23 truenas dhclient[5540]: DHCPDISCOVER on eno2 to 255.255.255.255 port 67 interval 13
Aug  9 21:20:23 truenas dhclient[5525]: DHCPDISCOVER on eno1 to 255.255.255.255 port 67 interval 8
Aug  9 21:20:31 truenas dhclient[5525]: DHCPDISCOVER on eno1 to 255.255.255.255 port 67 interval 15
Aug  9 21:20:36 truenas dhclient[5540]: DHCPDISCOVER on eno2 to 255.255.255.255 port 67 interval 13
Aug  9 21:20:46 truenas dhclient[5525]: DHCPDISCOVER on eno1 to 255.255.255.255 port 67 interval 20
Aug  9 21:20:49 truenas dhclient[5540]: DHCPDISCOVER on eno2 to 255.255.255.255 port 67 interval 6
Aug  9 21:20:55 truenas dhclient[5540]: No DHCPOFFERS received.
Aug  9 21:20:55 truenas dhclient[5540]: No working leases in persistent database - sleeping.
Aug  9 21:21:06 truenas dhclient[5525]: No DHCPOFFERS received.
Aug  9 21:21:06 truenas dhclient[5525]: No working leases in persistent database - sleeping.
Aug  9 21:22:51 truenas dhclient[5549]: DHCPREQUEST for 169.254.95.120 on enx0a94ef717d35 to 169.254.95.118 port 67
Aug  9 21:22:51 truenas dhclient[5549]: DHCPACK of 169.254.95.120 from 169.254.95.118
Aug  9 21:22:51 truenas dhclient[5549]: bound to 169.254.95.120 -- renewal in 299 seconds.
Aug  9 21:23:53 truenas dhclient[5525]: DHCPDISCOVER on eno1 to 255.255.255.255 port 67 interval 7
Aug  9 21:24:00 truenas dhclient[5525]: DHCPDISCOVER on eno1 to 255.255.255.255 port 67 interval 19
Aug  9 21:24:19 truenas dhclient[5525]: DHCPDISCOVER on eno1 to 255.255.255.255 port 67 interval 17
Aug  9 21:24:36 truenas dhclient[5525]: DHCPDISCOVER on eno1 to 255.255.255.255 port 67 interval 8
Aug  9 21:24:44 truenas dhclient[5525]: DHCPDISCOVER on eno1 to 255.255.255.255 port 67 interval 10
Aug  9 21:24:54 truenas dhclient[5525]: No DHCPOFFERS received.
Aug  9 21:24:54 truenas dhclient[5525]: No working leases in persistent database - sleeping.
Aug  9 21:27:02 truenas dhclient[5540]: DHCPDISCOVER on eno2 to 255.255.255.255 port 67 interval 4
Aug  9 21:27:06 truenas dhclient[5540]: DHCPDISCOVER on eno2 to 255.255.255.255 port 67 interval 10
Aug  9 21:27:16 truenas dhclient[5540]: DHCPDISCOVER on eno2 to 255.255.255.255 port 67 interval 21
Aug  9 21:27:37 truenas dhclient[5540]: DHCPDISCOVER on eno2 to 255.255.255.255 port 67 interval 10
Aug  9 21:27:47 truenas dhclient[5540]: DHCPDISCOVER on eno2 to 255.255.255.255 port 67 interval 11
Aug  9 21:27:50 truenas dhclient[5549]: DHCPREQUEST for 169.254.95.120 on enx0a94ef717d35 to 169.254.95.118 port 67
Aug  9 21:27:50 truenas dhclient[5549]: DHCPACK of 169.254.95.120 from 169.254.95.118
Aug  9 21:27:50 truenas dhclient[5549]: bound to 169.254.95.120 -- renewal in 252 seconds.
Aug  9 21:27:58 truenas dhclient[5540]: DHCPDISCOVER on eno2 to 255.255.255.255 port 67 interval 5
Aug  9 21:28:03 truenas dhclient[5540]: No DHCPOFFERS received.
Aug  9 21:28:03 truenas dhclient[5540]: No working leases in persistent database - sleeping.
Aug  9 21:29:56 truenas dhclient[5525]: DHCPDISCOVER on eno1 to 255.255.255.255 port 67 interval 3
Aug  9 21:29:59 truenas dhclient[5525]: DHCPDISCOVER on eno1 to 255.255.255.255 port 67 interval 3
Aug  9 21:30:02 truenas dhclient[5525]: DHCPDISCOVER on eno1 to 255.255.255.255 port 67 interval 8
Aug  9 21:30:04 truenas systemd[1]: Starting sysstat-collect.service - system activity accounting tool...
Aug  9 21:30:04 truenas systemd[1]: sysstat-collect.service: Deactivated successfully.
Aug  9 21:30:04 truenas systemd[1]: Finished sysstat-collect.service - system activity accounting tool.
Aug  9 21:30:10 truenas dhclient[5525]: DHCPDISCOVER on eno1 to 255.255.255.255 port 67 interval 10
Aug  9 21:30:20 truenas dhclient[5525]: DHCPDISCOVER on eno1 to 255.255.255.255 port 67 interval 19
Aug  9 21:30:39 truenas dhclient[5525]: DHCPDISCOVER on eno1 to 255.255.255.255 port 67 interval 17
Aug  9 21:30:56 truenas dhclient[5525]: DHCPDISCOVER on eno1 to 255.255.255.255 port 67 interval 1
Aug  9 21:30:57 truenas dhclient[5525]: No DHCPOFFERS received.
Aug  9 21:30:57 truenas dhclient[5525]: No working leases in persistent database - sleeping.
Aug  9 21:32:02 truenas dhclient[5549]: DHCPREQUEST for 169.254.95.120 on enx0a94ef717d35 to 169.254.95.118 port 67
Aug  9 21:32:02 truenas dhclient[5549]: DHCPACK of 169.254.95.120 from 169.254.95.118
Aug  9 21:32:02 truenas dhclient[5549]: bound to 169.254.95.120 -- renewal in 292 seconds.
Aug  9 21:32:38 truenas dhclient[5540]: DHCPDISCOVER on eno2 to 255.255.255.255 port 67 interval 8
Aug  9 21:32:46 truenas dhclient[5540]: DHCPDISCOVER on eno2 to 255.255.255.255 port 67 interval 14
Aug  9 21:33:00 truenas dhclient[5540]: DHCPDISCOVER on eno2 to 255.255.255.255 port 67 interval 9
Aug  9 21:33:09 truenas dhclient[5540]: DHCPDISCOVER on eno2 to 255.255.255.255 port 67 interval 17
Aug  9 21:33:26 truenas dhclient[5540]: DHCPDISCOVER on eno2 to 255.255.255.255 port 67 interval 8
Aug  9 21:33:34 truenas dhclient[5540]: DHCPDISCOVER on eno2 to 255.255.255.255 port 67 interval 5
Aug  9 21:33:39 truenas dhclient[5540]: No DHCPOFFERS received.
Aug  9 21:33:39 truenas dhclient[5540]: No working leases in persistent database - sleeping.
Aug  9 21:36:54 truenas dhclient[5549]: DHCPREQUEST for 169.254.95.120 on enx0a94ef717d35 to 169.254.95.118 port 67
Aug  9 21:36:54 truenas dhclient[5549]: DHCPACK of 169.254.95.120 from 169.254.95.118
Aug  9 21:36:54 truenas dhclient[5549]: bound to 169.254.95.120 -- renewal in 283 seconds.
Aug  9 21:37:37 truenas dhclient[5525]: DHCPDISCOVER on eno1 to 255.255.255.255 port 67 interval 3
Aug  9 21:37:40 truenas dhclient[5525]: DHCPDISCOVER on eno1 to 255.255.255.255 port 67 interval 4
Aug  9 21:37:44 truenas dhclient[5525]: DHCPDISCOVER on eno1 to 255.255.255.255 port 67 interval 6
Aug  9 21:37:50 truenas dhclient[5525]: DHCPDISCOVER on eno1 to 255.255.255.255 port 67 interval 10
Aug  9 21:38:01 truenas dhclient[5525]: DHCPDISCOVER on eno1 to 255.255.255.255 port 67 interval 9
Aug  9 21:38:10 truenas dhclient[5525]: DHCPDISCOVER on eno1 to 255.255.255.255 port 67 interval 19
Aug  9 21:38:29 truenas dhclient[5525]: DHCPDISCOVER on eno1 to 255.255.255.255 port 67 interval 8
Aug  9 21:38:37 truenas dhclient[5525]: DHCPDISCOVER on eno1 to 255.255.255.255 port 67 interval 1
Aug  9 21:38:38 truenas dhclient[5525]: No DHCPOFFERS received.
Aug  9 21:38:38 truenas dhclient[5525]: No working leases in persistent database - sleeping.
Aug  9 21:39:43 truenas dhclient[5540]: DHCPDISCOVER on eno2 to 255.255.255.255 port 67 interval 6
Aug  9 21:39:49 truenas dhclient[5540]: DHCPDISCOVER on eno2 to 255.255.255.255 port 67 interval 13
Aug  9 21:40:02 truenas dhclient[5540]: DHCPDISCOVER on eno2 to 255.255.255.255 port 67 interval 11
Aug  9 21:40:02 truenas systemd[1]: Starting sysstat-collect.service - system activity accounting tool...
Aug  9 21:40:02 truenas systemd[1]: sysstat-collect.service: Deactivated successfully.
Aug  9 21:40:02 truenas systemd[1]: Finished sysstat-collect.service - system activity accounting tool.
Aug  9 21:40:13 truenas dhclient[5540]: DHCPDISCOVER on eno2 to 255.255.255.255 port 67 interval 8
Aug  9 21:40:21 truenas dhclient[5540]: DHCPDISCOVER on eno2 to 255.255.255.255 port 67 interval 10
Aug  9 21:40:31 truenas dhclient[5540]: DHCPDISCOVER on eno2 to 255.255.255.255 port 67 interval 13
Aug  9 21:40:44 truenas dhclient[5540]: No DHCPOFFERS received.
Aug  9 21:40:44 truenas dhclient[5540]: No working leases in persistent database - sleeping.
Aug  9 21:41:37 truenas dhclient[5549]: DHCPREQUEST for 169.254.95.120 on enx0a94ef717d35 to 169.254.95.118 port 67
Aug  9 21:41:37 truenas dhclient[5549]: DHCPACK of 169.254.95.120 from 169.254.95.118
Aug  9 21:41:37 truenas dhclient[5549]: bound to 169.254.95.120 -- renewal in 252 seconds.
Aug  9 21:45:49 truenas dhclient[5549]: DHCPREQUEST for 169.254.95.120 on enx0a94ef717d35 to 169.254.95.118 port 67
Aug  9 21:45:49 truenas dhclient[5549]: DHCPACK of 169.254.95.120 from 169.254.95.118
Aug  9 21:45:49 truenas dhclient[5549]: bound to 169.254.95.120 -- renewal in 230 seconds.
Aug  9 21:45:57 truenas dhclient[5525]: DHCPDISCOVER on eno1 to 255.255.255.255 port 67 interval 7
Aug  9 21:46:04 truenas dhclient[5525]: DHCPDISCOVER on eno1 to 255.255.255.255 port 67 interval 10
Aug  9 21:46:14 truenas dhclient[5525]: DHCPDISCOVER on eno1 to 255.255.255.255 port 67 interval 10
Aug  9 21:46:24 truenas dhclient[5525]: DHCPDISCOVER on eno1 to 255.255.255.255 port 67 interval 19
Aug  9 21:46:43 truenas dhclient[5525]: DHCPDISCOVER on eno1 to 255.255.255.255 port 67 interval 15
Aug  9 21:46:54 truenas dhclient[5540]: DHCPDISCOVER on eno2 to 255.255.255.255 port 67 interval 7
Aug  9 21:46:58 truenas dhclient[5525]: No DHCPOFFERS received.
Aug  9 21:46:58 truenas dhclient[5525]: No working leases in persistent database - sleeping.
Aug  9 21:47:01 truenas dhclient[5540]: DHCPDISCOVER on eno2 to 255.255.255.255 port 67 interval 13
Aug  9 21:47:14 truenas dhclient[5540]: DHCPDISCOVER on eno2 to 255.255.255.255 port 67 interval 7
Aug  9 21:47:21 truenas dhclient[5540]: DHCPDISCOVER on eno2 to 255.255.255.255 port 67 interval 12
Aug  9 21:47:33 truenas dhclient[5540]: DHCPDISCOVER on eno2 to 255.255.255.255 port 67 interval 17
Aug  9 21:47:41 truenas nscd[34057]: 34057 monitoring file `/etc/hosts` (1)
Aug  9 21:47:41 truenas nscd[34057]: 34057 monitoring directory `/etc` (2)
Aug  9 21:47:41 truenas nscd[34057]: 34057 monitoring file `/etc/resolv.conf` (3)
Aug  9 21:47:41 truenas nscd[34057]: 34057 monitoring directory `/etc` (2)
Aug  9 21:47:50 truenas dhclient[5540]: DHCPDISCOVER on eno2 to 255.255.255.255 port 67 interval 5
Aug  9 21:47:55 truenas dhclient[5540]: No DHCPOFFERS received.
Aug  9 21:47:55 truenas dhclient[5540]: No working leases in persistent database - sleeping.
Aug  9 21:49:39 truenas dhclient[5549]: DHCPREQUEST for 169.254.95.120 on enx0a94ef717d35 to 169.254.95.118 port 67
Aug  9 21:49:39 truenas dhclient[5549]: DHCPACK of 169.254.95.120 from 169.254.95.118
Aug  9 21:49:39 truenas dhclient[5549]: bound to 169.254.95.120 -- renewal in 292 seconds.
Aug  9 21:50:04 truenas systemd[1]: Starting sysstat-collect.service - system activity accounting tool...
Aug  9 21:50:04 truenas systemd[1]: sysstat-collect.service: Deactivated successfully.
Aug  9 21:50:04 truenas systemd[1]: Finished sysstat-collect.service - system activity accounting tool.
Aug  9 21:51:32 truenas dhclient[5525]: DHCPDISCOVER on eno1 to 255.255.255.255 port 67 interval 5
Aug  9 21:51:35 truenas dhclient[5540]: DHCPDISCOVER on eno2 to 255.255.255.255 port 67 interval 6
Aug  9 21:51:37 truenas dhclient[5525]: DHCPDISCOVER on eno1 to 255.255.255.255 port 67 interval 14
Aug  9 21:51:41 truenas dhclient[5540]: DHCPDISCOVER on eno2 to 255.255.255.255 port 67 interval 6
Aug  9 21:51:47 truenas dhclient[5540]: DHCPDISCOVER on eno2 to 255.255.255.255 port 67 interval 7
Aug  9 21:51:51 truenas dhclient[5525]: DHCPDISCOVER on eno1 to 255.255.255.255 port 67 interval 9
Aug  9 21:51:54 truenas dhclient[5540]: DHCPDISCOVER on eno2 to 255.255.255.255 port 67 interval 12
Aug  9 21:52:00 truenas dhclient[5525]: DHCPDISCOVER on eno1 to 255.255.255.255 port 67 interval 11
Aug  9 21:52:06 truenas dhclient[5540]: DHCPDISCOVER on eno2 to 255.255.255.255 port 67 interval 16
Aug  9 21:52:11 truenas dhclient[5525]: DHCPDISCOVER on eno1 to 255.255.255.255 port 67 interval 21
Aug  9 21:52:22 truenas dhclient[5540]: DHCPDISCOVER on eno2 to 255.255.255.255 port 67 interval 14
Aug  9 21:52:32 truenas dhclient[5525]: DHCPDISCOVER on eno1 to 255.255.255.255 port 67 interval 1
Aug  9 21:52:33 truenas dhclient[5525]: No DHCPOFFERS received.
Aug  9 21:52:33 truenas dhclient[5525]: No working leases in persistent database - sleeping.
Aug  9 21:52:36 truenas dhclient[5540]: No DHCPOFFERS received.
Aug  9 21:52:36 truenas dhclient[5540]: No working leases in persistent database - sleeping.
Aug  9 21:54:31 truenas dhclient[5549]: DHCPREQUEST for 169.254.95.120 on enx0a94ef717d35 to 169.254.95.118 port 67
Aug  9 21:54:31 truenas dhclient[5549]: DHCPACK of 169.254.95.120 from 169.254.95.118
Aug  9 21:54:31 truenas dhclient[5549]: bound to 169.254.95.120 -- renewal in 296 seconds.
Aug  9 21:55:09 truenas dhclient[5540]: DHCPDISCOVER on eno2 to 255.255.255.255 port 67 interval 4
Aug  9 21:55:13 truenas dhclient[5540]: DHCPDISCOVER on eno2 to 255.255.255.255 port 67 interval 9
Aug  9 21:55:22 truenas dhclient[5540]: DHCPDISCOVER on eno2 to 255.255.255.255 port 67 interval 17
Aug  9 21:55:39 truenas dhclient[5540]: DHCPDISCOVER on eno2 to 255.255.255.255 port 67 interval 17
Aug  9 21:55:56 truenas dhclient[5540]: DHCPDISCOVER on eno2 to 255.255.255.255 port 67 interval 14
Aug  9 21:56:10 truenas dhclient[5540]: No DHCPOFFERS received.
Aug  9 21:56:10 truenas dhclient[5540]: No working leases in persistent database - sleeping.
Aug  9 21:56:54 truenas dhclient[5525]: DHCPDISCOVER on eno1 to 255.255.255.255 port 67 interval 6
Aug  9 21:57:00 truenas dhclient[5525]: DHCPDISCOVER on eno1 to 255.255.255.255 port 67 interval 7
Aug  9 21:57:07 truenas dhclient[5525]: DHCPDISCOVER on eno1 to 255.255.255.255 port 67 interval 7
Aug  9 21:57:14 truenas dhclient[5525]: DHCPDISCOVER on eno1 to 255.255.255.255 port 67 interval 9
Aug  9 21:57:23 truenas dhclient[5525]: DHCPDISCOVER on eno1 to 255.255.255.255 port 67 interval 10
Aug  9 21:57:33 truenas dhclient[5525]: DHCPDISCOVER on eno1 to 255.255.255.255 port 67 interval 20
Aug  9 21:57:53 truenas dhclient[5525]: DHCPDISCOVER on eno1 to 255.255.255.255 port 67 interval 2
Aug  9 21:57:55 truenas dhclient[5525]: No DHCPOFFERS received.
Aug  9 21:57:55 truenas dhclient[5525]: No working leases in persistent database - sleeping.
Aug  9 21:59:27 truenas dhclient[5549]: DHCPREQUEST for 169.254.95.120 on enx0a94ef717d35 to 169.254.95.118 port 67
Aug  9 21:59:27 truenas dhclient[5549]: DHCPACK of 169.254.95.120 from 169.254.95.118
Aug  9 21:59:27 truenas dhclient[5549]: bound to 169.254.95.120 -- renewal in 274 seconds.
Aug  9 22:00:04 truenas systemd[1]: Starting sysstat-collect.service - system activity accounting tool...
Aug  9 22:00:04 truenas systemd[1]: sysstat-collect.service: Deactivated successfully.
Aug  9 22:00:04 truenas systemd[1]: Finished sysstat-collect.service - system activity accounting tool.
Aug  9 22:00:30 truenas dhclient[5540]: DHCPDISCOVER on eno2 to 255.255.255.255 port 67 interval 5
Aug  9 22:00:35 truenas dhclient[5540]: DHCPDISCOVER on eno2 to 255.255.255.255 port 67 interval 6
Aug  9 22:00:41 truenas dhclient[5540]: DHCPDISCOVER on eno2 to 255.255.255.255 port 67 interval 7
Aug  9 22:00:48 truenas dhclient[5540]: DHCPDISCOVER on eno2 to 255.255.255.255 port 67 interval 9
Aug  9 22:00:57 truenas dhclient[5540]: DHCPDISCOVER on eno2 to 255.255.255.255 port 67 interval 12
Aug  9 22:01:07 truenas dhclient[5525]: DHCPDISCOVER on eno1 to 255.255.255.255 port 67 interval 4
Aug  9 22:01:09 truenas dhclient[5540]: DHCPDISCOVER on eno2 to 255.255.255.255 port 67 interval 13
Aug  9 22:01:11 truenas dhclient[5525]: DHCPDISCOVER on eno1 to 255.255.255.255 port 67 interval 11
Aug  9 22:01:22 truenas dhclient[5540]: DHCPDISCOVER on eno2 to 255.255.255.255 port 67 interval 9
Aug  9 22:01:22 truenas dhclient[5525]: DHCPDISCOVER on eno1 to 255.255.255.255 port 67 interval 16
Aug  9 22:01:31 truenas dhclient[5540]: No DHCPOFFERS received.
Aug  9 22:01:31 truenas dhclient[5540]: No working leases in persistent database - sleeping.
Aug  9 22:01:38 truenas dhclient[5525]: DHCPDISCOVER on eno1 to 255.255.255.255 port 67 interval 8
Aug  9 22:01:46 truenas dhclient[5525]: DHCPDISCOVER on eno1 to 255.255.255.255 port 67 interval 15
Aug  9 22:02:01 truenas dhclient[5525]: DHCPDISCOVER on eno1 to 255.255.255.255 port 67 interval 7
Aug  9 22:02:08 truenas dhclient[5525]: No DHCPOFFERS received.
Aug  9 22:02:08 truenas dhclient[5525]: No working leases in persistent database - sleeping.
Aug  9 22:04:01 truenas dhclient[5549]: DHCPREQUEST for 169.254.95.120 on enx0a94ef717d35 to 169.254.95.118 port 67
Aug  9 22:04:01 truenas dhclient[5549]: DHCPACK of 169.254.95.120 from 169.254.95.118
Aug  9 22:04:01 truenas dhclient[5549]: bound to 169.254.95.120 -- renewal in 284 seconds.
Aug  9 22:07:14 truenas dhclient[5525]: DHCPDISCOVER on eno1 to 255.255.255.255 port 67 interval 7
Aug  9 22:07:21 truenas dhclient[5525]: DHCPDISCOVER on eno1 to 255.255.255.255 port 67 interval 11
Aug  9 22:07:32 truenas dhclient[5525]: DHCPDISCOVER on eno1 to 255.255.255.255 port 67 interval 12
Aug  9 22:07:44 truenas dhclient[5525]: DHCPDISCOVER on eno1 to 255.255.255.255 port 67 interval 21
Aug  9 22:08:05 truenas dhclient[5525]: DHCPDISCOVER on eno1 to 255.255.255.255 port 67 interval 8
Aug  9 22:08:13 truenas dhclient[5525]: DHCPDISCOVER on eno1 to 255.255.255.255 port 67 interval 2
Aug  9 22:08:15 truenas dhclient[5525]: No DHCPOFFERS received.
Aug  9 22:08:15 truenas dhclient[5525]: No working leases in persistent database - sleeping.
Aug  9 22:08:45 truenas dhclient[5549]: DHCPREQUEST for 169.254.95.120 on enx0a94ef717d35 to 169.254.95.118 port 67
Aug  9 22:08:45 truenas dhclient[5549]: DHCPACK of 169.254.95.120 from 169.254.95.118
Aug  9 22:08:45 truenas dhclient[5549]: bound to 169.254.95.120 -- renewal in 280 seconds.
Aug  9 22:08:57 truenas dhclient[5540]: DHCPDISCOVER on eno2 to 255.255.255.255 port 67 interval 5
Aug  9 22:09:02 truenas dhclient[5540]: DHCPDISCOVER on eno2 to 255.255.255.255 port 67 interval 10
Aug  9 22:09:12 truenas dhclient[5540]: DHCPDISCOVER on eno2 to 255.255.255.255 port 67 interval 10
Aug  9 22:09:22 truenas dhclient[5540]: DHCPDISCOVER on eno2 to 255.255.255.255 port 67 interval 9
Aug  9 22:09:31 truenas dhclient[5540]: DHCPDISCOVER on eno2 to 255.255.255.255 port 67 interval 19
Aug  9 22:09:50 truenas dhclient[5540]: DHCPDISCOVER on eno2 to 255.255.255.255 port 67 interval 8
Aug  9 22:09:58 truenas dhclient[5540]: No DHCPOFFERS received.
Aug  9 22:09:58 truenas dhclient[5540]: No working leases in persistent database - sleeping.
Aug  9 22:10:04 truenas systemd[1]: Starting sysstat-collect.service - system activity accounting tool...
Aug  9 22:10:04 truenas systemd[1]: sysstat-collect.service: Deactivated successfully.
Aug  9 22:10:04 truenas systemd[1]: Finished sysstat-collect.service - system activity accounting tool.
Aug  9 22:12:49 truenas dhclient[5525]: DHCPDISCOVER on eno1 to 255.255.255.255 port 67 interval 4
Aug  9 22:12:53 truenas dhclient[5525]: DHCPDISCOVER on eno1 to 255.255.255.255 port 67 interval 7
Aug  9 22:13:00 truenas dhclient[5525]: DHCPDISCOVER on eno1 to 255.255.255.255 port 67 interval 15
Aug  9 22:13:15 truenas dhclient[5525]: DHCPDISCOVER on eno1 to 255.255.255.255 port 67 interval 13
Aug  9 22:13:25 truenas dhclient[5549]: DHCPREQUEST for 169.254.95.120 on enx0a94ef717d35 to 169.254.95.118 port 67
Aug  9 22:13:25 truenas dhclient[5549]: DHCPACK of 169.254.95.120 from 169.254.95.118
Aug  9 22:13:25 truenas dhclient[5549]: bound to 169.254.95.120 -- renewal in 235 seconds.
Aug  9 22:13:28 truenas dhclient[5525]: DHCPDISCOVER on eno1 to 255.255.255.255 port 67 interval 11
Aug  9 22:13:39 truenas dhclient[5525]: DHCPDISCOVER on eno1 to 255.255.255.255 port 67 interval 11
Aug  9 22:13:50 truenas dhclient[5525]: No DHCPOFFERS received.
Aug  9 22:13:50 truenas dhclient[5525]: No working leases in persistent database - sleeping.
Aug  9 22:17:01 truenas CRON[47211]: (root) CMD (   cd / && run-parts --report /etc/cron.hourly)
Aug  9 22:17:20 truenas dhclient[5549]: DHCPREQUEST for 169.254.95.120 on enx0a94ef717d35 to 169.254.95.118 port 67
Aug  9 22:17:20 truenas dhclient[5549]: DHCPACK of 169.254.95.120 from 169.254.95.118
Aug  9 22:17:20 truenas dhclient[5549]: bound to 169.254.95.120 -- renewal in 288 seconds.
Aug  9 22:17:20 truenas dhclient[5540]: DHCPDISCOVER on eno2 to 255.255.255.255 port 67 interval 7
Aug  9 22:17:22 truenas dhclient[5525]: DHCPDISCOVER on eno1 to 255.255.255.255 port 67 interval 6
Aug  9 22:17:27 truenas dhclient[5540]: DHCPDISCOVER on eno2 to 255.255.255.255 port 67 interval 12
Aug  9 22:17:28 truenas dhclient[5525]: DHCPDISCOVER on eno1 to 255.255.255.255 port 67 interval 11
Aug  9 22:17:39 truenas dhclient[5525]: DHCPDISCOVER on eno1 to 255.255.255.255 port 67 interval 14
Aug  9 22:17:39 truenas dhclient[5540]: DHCPDISCOVER on eno2 to 255.255.255.255 port 67 interval 14
Aug  9 22:17:53 truenas dhclient[5540]: DHCPDISCOVER on eno2 to 255.255.255.255 port 67 interval 10
Aug  9 22:17:53 truenas dhclient[5525]: DHCPDISCOVER on eno1 to 255.255.255.255 port 67 interval 14
Aug  9 22:18:03 truenas dhclient[5540]: DHCPDISCOVER on eno2 to 255.255.255.255 port 67 interval 11
Aug  9 22:18:07 truenas dhclient[5525]: DHCPDISCOVER on eno1 to 255.255.255.255 port 67 interval 11
Aug  9 22:18:14 truenas dhclient[5540]: DHCPDISCOVER on eno2 to 255.255.255.255 port 67 interval 7
Aug  9 22:18:18 truenas dhclient[5525]: DHCPDISCOVER on eno1 to 255.255.255.255 port 67 interval 5
Aug  9 22:18:21 truenas dhclient[5540]: No DHCPOFFERS received.
Aug  9 22:18:21 truenas dhclient[5540]: No working leases in persistent database - sleeping.
Aug  9 22:18:23 truenas dhclient[5525]: No DHCPOFFERS received.
Aug  9 22:18:23 truenas dhclient[5525]: No working leases in persistent database - sleeping.
Aug  9 22:20:04 truenas systemd[1]: Starting sysstat-collect.service - system activity accounting tool...
Aug  9 22:20:04 truenas systemd[1]: sysstat-collect.service: Deactivated successfully.
Aug  9 22:20:04 truenas systemd[1]: Finished sysstat-collect.service - system activity accounting tool.
Aug  9 22:21:55 truenas dhclient[5540]: DHCPDISCOVER on eno2 to 255.255.255.255 port 67 interval 3
Aug  9 22:21:58 truenas dhclient[5540]: DHCPDISCOVER on eno2 to 255.255.255.255 port 67 interval 6
Aug  9 22:22:04 truenas dhclient[5540]: DHCPDISCOVER on eno2 to 255.255.255.255 port 67 interval 15
Aug  9 22:22:08 truenas dhclient[5549]: DHCPREQUEST for 169.254.95.120 on enx0a94ef717d35 to 169.254.95.118 port 67
Aug  9 22:22:08 truenas dhclient[5549]: DHCPACK of 169.254.95.120 from 169.254.95.118
Aug  9 22:22:08 truenas dhclient[5549]: bound to 169.254.95.120 -- renewal in 227 seconds.
Aug  9 22:22:19 truenas dhclient[5540]: DHCPDISCOVER on eno2 to 255.255.255.255 port 67 interval 7
Aug  9 22:22:26 truenas dhclient[5540]: DHCPDISCOVER on eno2 to 255.255.255.255 port 67 interval 13
Aug  9 22:22:39 truenas dhclient[5540]: DHCPDISCOVER on eno2 to 255.255.255.255 port 67 interval 17
Aug  9 22:22:56 truenas dhclient[5540]: No DHCPOFFERS received.
Aug  9 22:22:56 truenas dhclient[5540]: No working leases in persistent database - sleeping.
Aug  9 22:24:09 truenas dhclient[5525]: DHCPDISCOVER on eno1 to 255.255.255.255 port 67 interval 7
Aug  9 22:24:16 truenas dhclient[5525]: DHCPDISCOVER on eno1 to 255.255.255.255 port 67 interval 13
Aug  9 22:24:29 truenas dhclient[5525]: DHCPDISCOVER on eno1 to 255.255.255.255 port 67 interval 19
Aug  9 22:24:48 truenas dhclient[5525]: DHCPDISCOVER on eno1 to 255.255.255.255 port 67 interval 21
Aug  9 22:25:09 truenas dhclient[5525]: DHCPDISCOVER on eno1 to 255.255.255.255 port 67 interval 1
Aug  9 22:25:10 truenas dhclient[5525]: No DHCPOFFERS received.
Aug  9 22:25:10 truenas dhclient[5525]: No working leases in persistent database - sleeping.
Aug  9 22:25:55 truenas dhclient[5549]: DHCPREQUEST for 169.254.95.120 on enx0a94ef717d35 to 169.254.95.118 port 67
Aug  9 22:25:55 truenas dhclient[5549]: DHCPACK of 169.254.95.120 from 169.254.95.118
Aug  9 22:25:55 truenas dhclient[5549]: bound to 169.254.95.120 -- renewal in 273 seconds.
Aug  9 22:26:51 truenas dhclient[5540]: DHCPDISCOVER on eno2 to 255.255.255.255 port 67 interval 8
Aug  9 22:26:59 truenas dhclient[5540]: DHCPDISCOVER on eno2 to 255.255.255.255 port 67 interval 12
Aug  9 22:27:11 truenas dhclient[5540]: DHCPDISCOVER on eno2 to 255.255.255.255 port 67 interval 7
Aug  9 22:27:18 truenas dhclient[5540]: DHCPDISCOVER on eno2 to 255.255.255.255 port 67 interval 7
Aug  9 22:27:25 truenas dhclient[5540]: DHCPDISCOVER on eno2 to 255.255.255.255 port 67 interval 14
Aug  9 22:27:39 truenas dhclient[5540]: DHCPDISCOVER on eno2 to 255.255.255.255 port 67 interval 13
Aug  9 22:27:52 truenas dhclient[5540]: No DHCPOFFERS received.
Aug  9 22:27:52 truenas dhclient[5540]: No working leases in persistent database - sleeping.
Aug  9 22:30:04 truenas systemd[1]: Starting sysstat-collect.service - system activity accounting tool...
Aug  9 22:30:04 truenas systemd[1]: sysstat-collect.service: Deactivated successfully.
Aug  9 22:30:04 truenas systemd[1]: Finished sysstat-collect.service - system activity accounting tool.
Aug  9 22:30:28 truenas dhclient[5549]: DHCPREQUEST for 169.254.95.120 on enx0a94ef717d35 to 169.254.95.118 port 67
Aug  9 22:30:28 truenas dhclient[5549]: DHCPACK of 169.254.95.120 from 169.254.95.118
Aug  9 22:30:28 truenas dhclient[5549]: bound to 169.254.95.120 -- renewal in 270 seconds.
Aug  9 22:31:13 truenas dhclient[5525]: DHCPDISCOVER on eno1 to 255.255.255.255 port 67 interval 3
Aug  9 22:31:16 truenas dhclient[5525]: DHCPDISCOVER on eno1 to 255.255.255.255 port 67 interval 8
Aug  9 22:31:24 truenas dhclient[5525]: DHCPDISCOVER on eno1 to 255.255.255.255 port 67 interval 10
Aug  9 22:31:34 truenas dhclient[5525]: DHCPDISCOVER on eno1 to 255.255.255.255 port 67 interval 12
Aug  9 22:31:46 truenas dhclient[5525]: DHCPDISCOVER on eno1 to 255.255.255.255 port 67 interval 7
Aug  9 22:31:53 truenas dhclient[5525]: DHCPDISCOVER on eno1 to 255.255.255.255 port 67 interval 7
Aug  9 22:32:00 truenas dhclient[5525]: DHCPDISCOVER on eno1 to 255.255.255.255 port 67 interval 12
Aug  9 22:32:12 truenas dhclient[5525]: DHCPDISCOVER on eno1 to 255.255.255.255 port 67 interval 2
Aug  9 22:32:14 truenas dhclient[5525]: No DHCPOFFERS received.
Aug  9 22:32:14 truenas dhclient[5525]: No working leases in persistent database - sleeping.
Aug  9 22:32:23 truenas kernel: i40e 0000:5b:00.2 eno1: NIC Link is Down
Aug  9 22:32:25 truenas ntpd[6436]: Deleting interface #5 eno1, fe80::a94:efff:fe71:8504%2#123, interface stats: received=0, sent=0, dropped=0, active_time=6284 secs
Aug  9 22:32:48 truenas kernel: i40e 0000:5b:00.2 eno1: NIC Link is Up, 1000 Mbps Full Duplex, Flow Control: None
Aug  9 22:32:50 truenas ntpd[6436]: Listen normally on 8 eno1 [fe80::a94:efff:fe71:8504%2]:123
Aug  9 22:33:30 truenas dhclient[5540]: DHCPDISCOVER on eno2 to 255.255.255.255 port 67 interval 7
Aug  9 22:33:37 truenas dhclient[5540]: DHCPDISCOVER on eno2 to 255.255.255.255 port 67 interval 20
Aug  9 22:33:57 truenas dhclient[5540]: DHCPDISCOVER on eno2 to 255.255.255.255 port 67 interval 8
Aug  9 22:34:05 truenas dhclient[5540]: DHCPDISCOVER on eno2 to 255.255.255.255 port 67 interval 8
Aug  9 22:34:13 truenas dhclient[5540]: DHCPDISCOVER on eno2 to 255.255.255.255 port 67 interval 8
Aug  9 22:34:21 truenas dhclient[5540]: DHCPDISCOVER on eno2 to 255.255.255.255 port 67 interval 9
Aug  9 22:34:30 truenas dhclient[5540]: DHCPDISCOVER on eno2 to 255.255.255.255 port 67 interval 1
Aug  9 22:34:31 truenas dhclient[5540]: No DHCPOFFERS received.
Aug  9 22:34:31 truenas dhclient[5540]: No working leases in persistent database - sleeping.
Aug  9 22:34:58 truenas dhclient[5549]: DHCPREQUEST for 169.254.95.120 on enx0a94ef717d35 to 169.254.95.118 port 67
Aug  9 22:34:58 truenas dhclient[5549]: DHCPACK of 169.254.95.120 from 169.254.95.118
Aug  9 22:34:58 truenas dhclient[5549]: bound to 169.254.95.120 -- renewal in 284 seconds.
Aug  9 22:36:30 truenas dhclient[5525]: DHCPDISCOVER on eno1 to 255.255.255.255 port 67 interval 4
Aug  9 22:36:34 truenas dhclient[5525]: DHCPDISCOVER on eno1 to 255.255.255.255 port 67 interval 7
Aug  9 22:36:41 truenas dhclient[5525]: DHCPDISCOVER on eno1 to 255.255.255.255 port 67 interval 15
Aug  9 22:36:56 truenas dhclient[5525]: DHCPDISCOVER on eno1 to 255.255.255.255 port 67 interval 17
Aug  9 22:37:13 truenas dhclient[5525]: DHCPDISCOVER on eno1 to 255.255.255.255 port 67 interval 18
Aug  9 22:37:31 truenas dhclient[5525]: No DHCPOFFERS received.
Aug  9 22:37:31 truenas dhclient[5525]: No working leases in persistent database - sleeping.
Aug  9 22:38:36 truenas kernel: i40e 0000:5b:00.2 eno1: NIC Link is Down
Aug  9 22:38:38 truenas ntpd[6436]: Deleting interface #8 eno1, fe80::a94:efff:fe71:8504%2#123, interface stats: received=0, sent=0, dropped=0, active_time=348 secs
Aug  9 22:39:42 truenas dhclient[5549]: DHCPREQUEST for 169.254.95.120 on enx0a94ef717d35 to 169.254.95.118 port 67
Aug  9 22:39:42 truenas dhclient[5549]: DHCPACK of 169.254.95.120 from 169.254.95.118
Aug  9 22:39:42 truenas dhclient[5549]: bound to 169.254.95.120 -- renewal in 246 seconds.
Aug  9 22:40:04 truenas systemd[1]: Starting sysstat-collect.service - system activity accounting tool...
Aug  9 22:40:04 truenas systemd[1]: sysstat-collect.service: Deactivated successfully.
Aug  9 22:40:04 truenas systemd[1]: Finished sysstat-collect.service - system activity accounting tool.
Aug  9 22:41:52 truenas dhclient[5540]: DHCPDISCOVER on eno2 to 255.255.255.255 port 67 interval 7
Aug  9 22:41:59 truenas dhclient[5540]: DHCPDISCOVER on eno2 to 255.255.255.255 port 67 interval 8
Aug  9 22:42:07 truenas dhclient[5540]: DHCPDISCOVER on eno2 to 255.255.255.255 port 67 interval 13
Aug  9 22:42:20 truenas dhclient[5540]: DHCPDISCOVER on eno2 to 255.255.255.255 port 67 interval 9
Aug  9 22:42:29 truenas dhclient[5540]: DHCPDISCOVER on eno2 to 255.255.255.255 port 67 interval 19
Aug  9 22:42:48 truenas dhclient[5540]: DHCPDISCOVER on eno2 to 255.255.255.255 port 67 interval 5
Aug  9 22:42:53 truenas dhclient[5540]: No DHCPOFFERS received.
Aug  9 22:42:53 truenas dhclient[5540]: No working leases in persistent database - sleeping.
Aug  9 22:43:48 truenas dhclient[5549]: DHCPREQUEST for 169.254.95.120 on enx0a94ef717d35 to 169.254.95.118 port 67
Aug  9 22:43:48 truenas dhclient[5549]: DHCPACK of 169.254.95.120 from 169.254.95.118
Aug  9 22:43:48 truenas dhclient[5549]: bound to 169.254.95.120 -- renewal in 251 seconds.
Aug  9 22:44:10 truenas dhclient[5525]: DHCPDISCOVER on eno1 to 255.255.255.255 port 67 interval 4
Aug  9 22:44:14 truenas dhclient[5525]: DHCPDISCOVER on eno1 to 255.255.255.255 port 67 interval 8
Aug  9 22:44:22 truenas dhclient[5525]: DHCPDISCOVER on eno1 to 255.255.255.255 port 67 interval 19
Aug  9 22:44:41 truenas dhclient[5525]: DHCPDISCOVER on eno1 to 255.255.255.255 port 67 interval 7
Aug  9 22:44:48 truenas dhclient[5525]: DHCPDISCOVER on eno1 to 255.255.255.255 port 67 interval 13
Aug  9 22:45:01 truenas dhclient[5525]: DHCPDISCOVER on eno1 to 255.255.255.255 port 67 interval 10
Aug  9 22:45:11 truenas dhclient[5525]: No DHCPOFFERS received.
Aug  9 22:45:11 truenas dhclient[5525]: No working leases in persistent database - sleeping.
Aug  9 22:46:52 truenas dhclient[5540]: DHCPDISCOVER on eno2 to 255.255.255.255 port 67 interval 6
Aug  9 22:46:58 truenas dhclient[5540]: DHCPDISCOVER on eno2 to 255.255.255.255 port 67 interval 14
Aug  9 22:47:12 truenas dhclient[5540]: DHCPDISCOVER on eno2 to 255.255.255.255 port 67 interval 15
Aug  9 22:47:27 truenas dhclient[5540]: DHCPDISCOVER on eno2 to 255.255.255.255 port 67 interval 19
Aug  9 22:47:42 truenas nscd[61630]: 61630 monitoring file `/etc/hosts` (1)
Aug  9 22:47:42 truenas nscd[61630]: 61630 monitoring directory `/etc` (2)
Aug  9 22:47:42 truenas nscd[61630]: 61630 monitoring file `/etc/resolv.conf` (3)
Aug  9 22:47:42 truenas nscd[61630]: 61630 monitoring directory `/etc` (2)
Aug  9 22:47:46 truenas dhclient[5540]: DHCPDISCOVER on eno2 to 255.255.255.255 port 67 interval 7
Aug  9 22:47:53 truenas dhclient[5540]: No DHCPOFFERS received.
Aug  9 22:47:53 truenas dhclient[5540]: No working leases in persistent database - sleeping.
Aug  9 22:47:59 truenas dhclient[5549]: DHCPREQUEST for 169.254.95.120 on enx0a94ef717d35 to 169.254.95.118 port 67
Aug  9 22:47:59 truenas dhclient[5549]: DHCPACK of 169.254.95.120 from 169.254.95.118
Aug  9 22:47:59 truenas dhclient[5549]: bound to 169.254.95.120 -- renewal in 262 seconds.
Aug  9 22:50:00 truenas dhclient[5525]: DHCPDISCOVER on eno1 to 255.255.255.255 port 67 interval 7
Aug  9 22:50:04 truenas systemd[1]: Starting sysstat-collect.service - system activity accounting tool...
Aug  9 22:50:04 truenas systemd[1]: sysstat-collect.service: Deactivated successfully.
Aug  9 22:50:04 truenas systemd[1]: Finished sysstat-collect.service - system activity accounting tool.
Aug  9 22:50:07 truenas dhclient[5525]: DHCPDISCOVER on eno1 to 255.255.255.255 port 67 interval 20
Aug  9 22:50:27 truenas dhclient[5525]: DHCPDISCOVER on eno1 to 255.255.255.255 port 67 interval 9
Aug  9 22:50:36 truenas dhclient[5525]: DHCPDISCOVER on eno1 to 255.255.255.255 port 67 interval 10
Aug  9 22:50:46 truenas dhclient[5525]: DHCPDISCOVER on eno1 to 255.255.255.255 port 67 interval 15
Aug  9 22:50:51 truenas dhclient[5540]: DHCPDISCOVER on eno2 to 255.255.255.255 port 67 interval 5
Aug  9 22:50:56 truenas dhclient[5540]: DHCPDISCOVER on eno2 to 255.255.255.255 port 67 interval 14
Aug  9 22:51:01 truenas dhclient[5525]: No DHCPOFFERS received.
Aug  9 22:51:01 truenas dhclient[5525]: No working leases in persistent database - sleeping.
Aug  9 22:51:10 truenas dhclient[5540]: DHCPDISCOVER on eno2 to 255.255.255.255 port 67 interval 19
Aug  9 22:51:29 truenas dhclient[5540]: DHCPDISCOVER on eno2 to 255.255.255.255 port 67 interval 12
Aug  9 22:51:41 truenas dhclient[5540]: DHCPDISCOVER on eno2 to 255.255.255.255 port 67 interval 11
Aug  9 22:51:52 truenas dhclient[5540]: No DHCPOFFERS received.
Aug  9 22:51:52 truenas dhclient[5540]: No working leases in persistent database - sleeping.
Aug  9 22:52:21 truenas dhclient[5549]: DHCPREQUEST for 169.254.95.120 on enx0a94ef717d35 to 169.254.95.118 port 67
Aug  9 22:52:21 truenas dhclient[5549]: DHCPACK of 169.254.95.120 from 169.254.95.118
Aug  9 22:52:21 truenas dhclient[5549]: bound to 169.254.95.120 -- renewal in 269 seconds.
Aug  9 22:56:50 truenas dhclient[5549]: DHCPREQUEST for 169.254.95.120 on enx0a94ef717d35 to 169.254.95.118 port 67
Aug  9 22:56:50 truenas dhclient[5549]: DHCPACK of 169.254.95.120 from 169.254.95.118
Aug  9 22:56:50 truenas dhclient[5549]: bound to 169.254.95.120 -- renewal in 286 seconds.
Aug  9 22:57:21 truenas dhclient[5525]: DHCPDISCOVER on eno1 to 255.255.255.255 port 67 interval 3
Aug  9 22:57:24 truenas dhclient[5525]: DHCPDISCOVER on eno1 to 255.255.255.255 port 67 interval 5
Aug  9 22:57:29 truenas dhclient[5525]: DHCPDISCOVER on eno1 to 255.255.255.255 port 67 interval 12
Aug  9 22:57:41 truenas dhclient[5525]: DHCPDISCOVER on eno1 to 255.255.255.255 port 67 interval 8
Aug  9 22:57:49 truenas dhclient[5525]: DHCPDISCOVER on eno1 to 255.255.255.255 port 67 interval 12
Aug  9 22:58:01 truenas dhclient[5525]: DHCPDISCOVER on eno1 to 255.255.255.255 port 67 interval 8
Aug  9 22:58:09 truenas dhclient[5525]: DHCPDISCOVER on eno1 to 255.255.255.255 port 67 interval 8
Aug  9 22:58:17 truenas dhclient[5525]: DHCPDISCOVER on eno1 to 255.255.255.255 port 67 interval 5
Aug  9 22:58:22 truenas dhclient[5525]: No DHCPOFFERS received.
Aug  9 22:58:22 truenas dhclient[5525]: No working leases in persistent database - sleeping.
Aug  9 22:59:11 truenas dhclient[5540]: DHCPDISCOVER on eno2 to 255.255.255.255 port 67 interval 3
Aug  9 22:59:14 truenas dhclient[5540]: DHCPDISCOVER on eno2 to 255.255.255.255 port 67 interval 3
Aug  9 22:59:17 truenas dhclient[5540]: DHCPDISCOVER on eno2 to 255.255.255.255 port 67 interval 7
Aug  9 22:59:24 truenas dhclient[5540]: DHCPDISCOVER on eno2 to 255.255.255.255 port 67 interval 14
Aug  9 22:59:38 truenas dhclient[5540]: DHCPDISCOVER on eno2 to 255.255.255.255 port 67 interval 16
Aug  9 22:59:54 truenas dhclient[5540]: DHCPDISCOVER on eno2 to 255.255.255.255 port 67 interval 18
Aug  9 23:00:04 truenas systemd[1]: Starting sysstat-collect.service - system activity accounting tool...
Aug  9 23:00:04 truenas systemd[1]: sysstat-collect.service: Deactivated successfully.
Aug  9 23:00:04 truenas systemd[1]: Finished sysstat-collect.service - system activity accounting tool.
Aug  9 23:00:12 truenas dhclient[5540]: No DHCPOFFERS received.
Aug  9 23:00:12 truenas dhclient[5540]: No working leases in persistent database - sleeping.
Aug  9 23:01:26 truenas dhclient[5525]: DHCPDISCOVER on eno1 to 255.255.255.255 port 67 interval 7
Aug  9 23:01:33 truenas dhclient[5525]: DHCPDISCOVER on eno1 to 255.255.255.255 port 67 interval 7
Aug  9 23:01:36 truenas dhclient[5549]: DHCPREQUEST for 169.254.95.120 on enx0a94ef717d35 to 169.254.95.118 port 67
Aug  9 23:01:36 truenas dhclient[5549]: DHCPACK of 169.254.95.120 from 169.254.95.118
Aug  9 23:01:36 truenas dhclient[5549]: bound to 169.254.95.120 -- renewal in 267 seconds.
Aug  9 23:01:40 truenas dhclient[5525]: DHCPDISCOVER on eno1 to 255.255.255.255 port 67 interval 8
Aug  9 23:01:48 truenas dhclient[5525]: DHCPDISCOVER on eno1 to 255.255.255.255 port 67 interval 13
Aug  9 23:02:01 truenas dhclient[5525]: DHCPDISCOVER on eno1 to 255.255.255.255 port 67 interval 20
Aug  9 23:02:21 truenas dhclient[5525]: DHCPDISCOVER on eno1 to 255.255.255.255 port 67 interval 6
Aug  9 23:02:27 truenas dhclient[5525]: No DHCPOFFERS received.
Aug  9 23:02:27 truenas dhclient[5525]: No working leases in persistent database - sleeping.
Aug  9 23:05:13 truenas dhclient[5525]: DHCPDISCOVER on eno1 to 255.255.255.255 port 67 interval 3
Aug  9 23:05:16 truenas dhclient[5525]: DHCPDISCOVER on eno1 to 255.255.255.255 port 67 interval 4
Aug  9 23:05:20 truenas dhclient[5525]: DHCPDISCOVER on eno1 to 255.255.255.255 port 67 interval 7
Aug  9 23:05:27 truenas dhclient[5525]: DHCPDISCOVER on eno1 to 255.255.255.255 port 67 interval 17
Aug  9 23:05:44 truenas dhclient[5525]: DHCPDISCOVER on eno1 to 255.255.255.255 port 67 interval 19
Aug  9 23:05:45 truenas dhclient[5540]: DHCPDISCOVER on eno2 to 255.255.255.255 port 67 interval 6
Aug  9 23:05:51 truenas dhclient[5540]: DHCPDISCOVER on eno2 to 255.255.255.255 port 67 interval 6
Aug  9 23:05:57 truenas dhclient[5540]: DHCPDISCOVER on eno2 to 255.255.255.255 port 67 interval 15
Aug  9 23:06:03 truenas dhclient[5525]: DHCPDISCOVER on eno1 to 255.255.255.255 port 67 interval 9
Aug  9 23:06:03 truenas dhclient[5549]: DHCPREQUEST for 169.254.95.120 on enx0a94ef717d35 to 169.254.95.118 port 67
Aug  9 23:06:03 truenas dhclient[5549]: DHCPACK of 169.254.95.120 from 169.254.95.118
Aug  9 23:06:03 truenas dhclient[5549]: bound to 169.254.95.120 -- renewal in 247 seconds.
Aug  9 23:06:12 truenas dhclient[5540]: DHCPDISCOVER on eno2 to 255.255.255.255 port 67 interval 7
Aug  9 23:06:12 truenas dhclient[5525]: DHCPDISCOVER on eno1 to 255.255.255.255 port 67 interval 2
Aug  9 23:06:14 truenas dhclient[5525]: No DHCPOFFERS received.
Aug  9 23:06:14 truenas dhclient[5525]: No working leases in persistent database - sleeping.
Aug  9 23:06:19 truenas dhclient[5540]: DHCPDISCOVER on eno2 to 255.255.255.255 port 67 interval 12
Aug  9 23:06:31 truenas dhclient[5540]: DHCPDISCOVER on eno2 to 255.255.255.255 port 67 interval 13
Aug  9 23:06:44 truenas dhclient[5540]: DHCPDISCOVER on eno2 to 255.255.255.255 port 67 interval 2
Aug  9 23:06:46 truenas dhclient[5540]: No DHCPOFFERS received.
Aug  9 23:06:46 truenas dhclient[5540]: No working leases in persistent database - sleeping.
Aug  9 23:10:04 truenas systemd[1]: Starting sysstat-collect.service - system activity accounting tool...
Aug  9 23:10:04 truenas systemd[1]: sysstat-collect.service: Deactivated successfully.
Aug  9 23:10:04 truenas systemd[1]: Finished sysstat-collect.service - system activity accounting tool.
Aug  9 23:10:10 truenas dhclient[5549]: DHCPREQUEST for 169.254.95.120 on enx0a94ef717d35 to 169.254.95.118 port 67
Aug  9 23:10:10 truenas dhclient[5549]: DHCPACK of 169.254.95.120 from 169.254.95.118
Aug  9 23:10:10 truenas dhclient[5549]: bound to 169.254.95.120 -- renewal in 241 seconds.
Aug  9 23:10:40 truenas dhclient[5540]: DHCPDISCOVER on eno2 to 255.255.255.255 port 67 interval 4
Aug  9 23:10:44 truenas dhclient[5540]: DHCPDISCOVER on eno2 to 255.255.255.255 port 67 interval 11
Aug  9 23:10:55 truenas dhclient[5540]: DHCPDISCOVER on eno2 to 255.255.255.255 port 67 interval 18
Aug  9 23:11:13 truenas dhclient[5540]: DHCPDISCOVER on eno2 to 255.255.255.255 port 67 interval 21
Aug  9 23:11:34 truenas dhclient[5540]: DHCPDISCOVER on eno2 to 255.255.255.255 port 67 interval 7
Aug  9 23:11:41 truenas dhclient[5540]: No DHCPOFFERS received.
Aug  9 23:11:41 truenas dhclient[5540]: No working leases in persistent database - sleeping.
Aug  9 23:13:02 truenas dhclient[5525]: DHCPDISCOVER on eno1 to 255.255.255.255 port 67 interval 4
Aug  9 23:13:06 truenas dhclient[5525]: DHCPDISCOVER on eno1 to 255.255.255.255 port 67 interval 11
Aug  9 23:13:17 truenas dhclient[5525]: DHCPDISCOVER on eno1 to 255.255.255.255 port 67 interval 17
Aug  9 23:13:34 truenas dhclient[5525]: DHCPDISCOVER on eno1 to 255.255.255.255 port 67 interval 11
Aug  9 23:13:44 truenas kernel: i40e 0000:5b:00.2 eno1: NIC Link is Up, 1000 Mbps Full Duplex, Flow Control: None
Aug  9 23:13:45 truenas dhclient[5525]: DHCPDISCOVER on eno1 to 255.255.255.255 port 67 interval 12
Aug  9 23:13:46 truenas ntpd[6436]: Listen normally on 9 eno1 [fe80::a94:efff:fe71:8504%2]:123
